e
Is 32146/12*3 - (-15)/(-10) prime?
False
Suppose 4*n + 0*n = 6*n. Is (-3085 - (n - -1))*(-4)/8 a prime number?
True
Let s = -603 - 372. Let k = 1762 + s. Is k a prime number?
True
Let t = -6181 + 8948. Is t a composite number?
False
Let f(s) = 423*s + 40. Is f(9) a prime number?
True
Suppose -2*n = z - 59, -2*n + 44 + 21 = 3*z. Is n/(3 - -1)*457 a prime number?
False
Let c = 92 - 80. Suppose -c*v + 2661 = 957. Is v prime?
False
Suppose -27*f + 33*f = 43242. Is f a composite number?
False
Suppose -10*i + 19 + 1 = 0. Suppose -147 = -2*y + 2*g - 5*g, 0 = 5*y - i*g - 339. Is y a prime number?
False
Let z = -1742 - -5821. Is z a composite number?
False
Let v = -12 - -16. Suppose -v*u + 3 + 629 = 0. Is u a prime number?
False
Let y = -1021 + 1753. Suppose 9*c - 4*c = 6025. Let g = c - y. Is g a prime number?
False
Let w(b) = 12*b**2 - 16*b - 6. Let p(l) = -6*l**2 + 8*l + 3. Let d(s) = 5*p(s) + 3*w(s). Let t be 2 - (-21)/2 - (-51)/102. Is d(t) a composite number?
False
Let t(i) = 47*i**2 - i - 4. Let m be t(-3). Suppose -4*a + m = -1070. Is a prime?
True
Let h(v) = v**3 + 3*v**2 - 4. Let d be h(-2). Let r be (-4 - -2)/4*d. Suppose -524 = -r*s - 4*s. Is s a composite number?
False
Let a(m) = -5*m**2 - 4*m - 4. Let y(x) = 9*x**2 + 9*x + 8. Let l(g) = -7*a(g) - 4*y(g). Let h be l(-7). Suppose -h*n + 20 = -n. Is n a composite number?
True
Let u = 6 - 4. Suppose -773 = -u*v - 217. Is v a composite number?
True
Is (-359304)/33*((-3)/(-4) + -1) a composite number?
True
Is -3*5/75*-44095 prime?
True
Suppose 3*i + 3*i - 15126 = 0. Is i a composite number?
False
Let q be (-7)/(42/30) - -30479. Suppose 8*t + 10*t = q. Is t prime?
True
Let y(f) be the first derivative of -f**4/4 - 7*f**3/3 + 13*f**2/2 - 11*f - 24. Is y(-10) a composite number?
True
Suppose 0 = -63*j + 650671 - 169414. Is j prime?
True
Let p = 7 + 59. Let l(x) = -x**3 + x**2 - x + 105. Let o be l(0). Let n = o - p. Is n composite?
True
Let g(f) = 22124*f - 1. Is g(1) a composite number?
False
Let j = -7 + 18. Let s be j/(-3) - 6/(-9). Is (-124 + s)*(-20)/4 composite?
True
Let w be ((-5)/((-70)/(-132)))/((-6)/2814). Suppose 10 = 5*d, -4*d - 1207 = 3*r - w. Is r a prime number?
True
Let u be (-12)/3*(-1)/(-1). Is 1/((-3)/28212*u) prime?
True
Let c(s) = -2*s**3 + s**2 + 5*s - 2. Let r(q) = -q**2 - 4*q + 7. Let h be r(-5). Let n be c(h). Is n/14 - (-6912)/84 a prime number?
False
Suppose -3*s + 0*s = 6. Let l = 5 + s. Suppose 3*t + 70 = 2*y, -4*y + l*t = 4*t - 140. Is y composite?
True
Suppose 0*p - 4*p = 0. Suppose p = -9*v + 6*v + 18. Let g(w) = w**2 + 14*w - 2. Is g(v) a composite number?
True
Suppose -5*b - 25 = -0. Let s be 21*-3*b/9. Let m = 11 + s. Is m prime?
False
Is -68*(-2912)/24 + 3/9 prime?
False
Let z = 1912 + -1115. Is z a prime number?
True
Suppose -4*b - 4*g = -41460, 31105 = 3*b - 14*g + 12*g. Is b a prime number?
False
Let m = 121109 - 76555. Is m prime?
False
Is (9 - 3)/((-4)/(-9404)) - -1 composite?
False
Let g(l) = l**3 + 594. Let k be g(0). Let m = k + -188. Suppose -6*y + 4*y + m = 0. Is y composite?
True
Suppose 0 = d + 4, -4*g - 3*d + 61240 = 0. Is g prime?
True
Let u(s) = -31*s - 145. Let t be u(-7). Let n(l) = l**3 + l**2 - 41. Let c be n(0). Let b = t + c. Is b a prime number?
True
Suppose -m - d = -63, 5*d + 187 + 56 = 4*m. Suppose m = -7*q - 64. Is (1772/6)/((-12)/q) composite?
False
Let i be (-2)/(-12) - 77/(-42). Suppose 10*s - 12*s - i = 0. Is (1/s)/(3/(-363)) prime?
False
Let c(d) = -7*d**3 + d**2 + d. Let p be c(3). Let h(n) = 76*n + 20. Let w be h(-6). Let m = p - w. Is m prime?
False
Let o = -30 - -33. Suppose -2*j = -0*d - 5*d - 2691, -15 = o*d. Is j composite?
True
Let y(x) = -1614*x - 2. Let m be y(-1). Suppose 466 = -6*w + m. Is w a composite number?
False
Let g(c) be the first derivative of 3*c**5/20 + c**4/6 + c**2/2 - 2*c - 4. Let u(q) be the first derivative of g(q). Is u(2) a composite number?
True
Suppose -2579 = -x - 2*w, 10256 = 4*x - 2*w - 2*w. Is x a composite number?
True
Let z = -1889 - -3366. Is z prime?
False
Suppose -3*z + 35755 = 4*h, 4*z = -h + 4*h - 26835. Is h a prime number?
True
Let u = 251 - 160. Let f = 0 + u. Suppose -5*r = q - 1080, r - q - 313 = -f. Is r a composite number?
True
Is (-1)/(2/8) - (27 - 4578) a prime number?
True
Suppose -4*f = 2*r + 16, 0 = -r - 2*r + f + 4. Suppose r = n - 3*a - 92, -2*n = -2*a - 3*a - 179. Is n composite?
True
Suppose -2*r + 3505 = 5*w, -3*w - 2*r = -r - 2102. Let c be (w/(-1))/(9/12). Let i = 1333 + c. Is i composite?
False
Suppose 4*x + 170491 = u, -u + 2*x = -152918 - 17569. Is u a prime number?
True
Let m = 296 + 917. Is m a composite number?
False
Let o(s) = 6*s**2 - 41*s + 132. Is o(29) a composite number?
False
Let k = -10 + 15. Suppose 1395 + 230 = k*n. Suppose 3*o + n = 8*o. Is o prime?
False
Let p(v) = -2*v**3 - v**2 - v - 6. Let s be p(-3). Suppose 5*a = -2*a - s. Is ((-3)/(-6))/(a/(-3180)) prime?
False
Let h be (9/5)/(12/40). Suppose 0 = 2*a + 3*i - 12, h*a - 2*a - 10 = i. Is a a prime number?
True
Let c = -132 + 69. Let y(k) = 38*k - 8. Let m be y(5). Let p = c + m. Is p composite?
True
Let y = -12 - -15. Suppose y*t - 678 = -0*t. Suppose p - 169 - t = 0. Is p a prime number?
False
Suppose -2*s + 295 + 39 = -3*q, 4*s = 5*q + 558. Is (1 - -1)/((-4)/q) a prime number?
False
Let l(w) = 10*w + 9. Let g be l(-3). Let n(u) = -u**3 - 17*u**2 + 41*u + 50. Is n(g) a prime number?
True
Suppose -328*k + 316*k = -178404. Is k a composite number?
False
Let u(k) = 571*k + 2. Let l be u(2). Let t = -521 + l. Is t composite?
True
Is (8/(-10))/(10/(-25))*2617 a composite number?
True
Suppose 10*o = 8*o + 898. Suppose -3*h = 2*p - 1355, -3*p - 437 - o = -2*h. Is h prime?
True
Let w = -5 - -8. Let o(i) = i**2 + 2*i**w + i**3 - 27*i - 4*i**3 + 26*i + 1481. Is o(0) a composite number?
False
Let x = 1959 - -275. Is x prime?
False
Let v = 113 - 110. Let h(u) be the second derivative of 3*u**5/5 + u**4/4 + u**3/3 + u**2 - u. Is h(v) composite?
False
Suppose 5*o + 3*k - 4865 = -1013, -4*k - 3859 = -5*o. Is o prime?
False
Let o(z) be the third derivative of 3/2*z**3 + 0 + 0*z + 3*z**2 - 13/6*z**4. Is o(-5) a prime number?
True
Let a = -6721 + 10710. Is a composite?
False
Let y(b) = b**3 - 12*b**2 + 4*b + 8. Let i be y(-9). Let t = i - -3642. Is t prime?
True
Suppose -508204 = -4*t - 2*x, t = -0*t + 5*x + 127051. Is t a composite number?
False
Suppose -9*w + 2 + 34 = 0. Suppose 0 = q - 3*a - 857, -w*q - 2*a = -422 - 3062. Is q composite?
True
Let j = -47117 + 93498. Is j composite?
False
Let y = 1081 + -757. Suppose c - y = -0*c. Is c/(-2 + 4) - 1 prime?
False
Let u(o) = 115*o - 48. Is u(19) composite?
False
Let b(a) = -78*a + 19. Suppose -d + 2*d = 5*l + 75, -4*l - 49 = -3*d. Is b(l) composite?
True
Let t = 21827 + -9976. Is t composite?
True
Let s be (-3 + 9)*(-3)/2. Let z(q) = q + 12. Let a be z(s). Suppose -a*l - 55 = -160. Is l prime?
False
Let x(i) = 1146*i + 41. Is x(2) composite?
False
Let l = -429 - -1363. Is l prime?
False
Let k = -6 - 2. Let j be (-1)/(-2) - 4/k. Is 4/2 - -9 - j prime?
False
Suppose 3*x + 17 = 29. Suppose -x*f + 18*f = 3514. Is f prime?
True
Let u = 4793 + -3394. Is u composite?
False
Suppose 0 = -122*g + 135*g - 106639. Is g composite?
True
Let k = 10884 + -7162. Is k a composite number?
True
Suppose 3 = 32*k - 33*k. Let y be 0/k + -2 + 0. Is (-2 - (-158)/(-4))*y a composite number?
False
Let y be (-1)/2 - ((-18)/4 + -1). Suppose 4*v + y*i - 269 = 2*i, -3*v = -5*i - 238. Is v composite?
False
Let f = -6380 - -12627. Is f a composite number?
False
Let p(u) = 2*u + 3. Let f be p(0). Suppose -f*n = -4*n + 1761. Is n prime?
False
Let c be 12/9*(-12)/(-8). Suppose -2637 = -5*j + c*j. Is j a prime number?
False
Suppose 5*o - 7*o - o = 0. Suppose o = 16*i - 11*i - 55. Is i a composite number?
False
Suppose u + 2*c + 14 = -0*u, u = -3*c - 16. Is (2/3)/(u/(-2685)) composite?
False
Suppose -6*w - 3518 = -8*w. Is w a prime number?
True
Suppose -v = -3*o - 27, -3*o + 9 = -4*o + 5*v. Is (17*o/3)/(-1) a prime number?
False
Is 28096/24 - 4/(-12) prime?
True
Let z = 23 - 20. Let c(b) = 111 - 110 + b**z - 53*b**3. Is c(-1) prime?
True
Suppose -b + 2 = -0*b + 3*z, 4*b - z - 34 = 0. Let f be (-1526)/b + (-2)/8. Is (-2)/6*0 - f composite?
False
Let m = 17446 + -8589. Is m a prime number?
False
Supp